base 15) in base 16?
5
Convert -202 (base 5) to base 3.
-1221
What is -13 (base 4) in base 14?
-7
e (base 16) to base 10
14
What is 5 (base 15) in base 12?
5
-2 (base 4) to base 9
-2
313 (base 5) to base 10
83
What is -b (base 14) in base 8?
-13
What is -101020 (base 3) in base 4?
-10110
What is -2 (base 15) in base 16?
-2
Convert 21012 (base 3) to base 6.
522
-206 (base 11) to base 4
-3320
What is -7a (base 16) in base 8?
-172
Convert 311 (base 4) to base 6.
125
What is -254 (base 8) in base 4?
-2230
Convert -1 (base 9) to base 12.
-1
What is -4 (base 11) in base 6?
-4
Convert -5 (base 13) to base 12.
-5
Convert -104 (base 6) to base 15.
-2a
What is 83 (base 9) in base 13?
5a
-13 (base 5) to base 13
-8
What is 97 (base 13) in base 8?
174
What is -1111 (base 2) in base 5?
-30
Convert bb (base 12) to base 16.
8f
Convert 22 (base 6) to base 15.
e
Convert 27 (base 14) to base 8.
43
What is 103 (base 13) in base 15?
b7
Convert 5 (base 16) to base 6.
5
1 (base 13) to base 15
1
What is 113 (base 7) in base 10?
59
Convert 1 (base 9) to base 16.
1
Convert 28 (base 15) to base 2.
100110
Convert -151 (base 11) to base 13.
-108
What is -11011 (base 2) in base 4?
-123
-6 (base 9) to base 7
-6
-1 (base 16) to base 15
-1
Convert 4 (base 6) to base 13.
4
Convert 200 (base 3) to base 5.
33
Convert 51 (base 6) to base 11.
29
What is -73 (base 9) in base 15?
-46
b2 (base 13) to base 7
265
214 (base 11) to base 12
195
What is 310 (base 8) in base 16?
c8
1 (base 15) to base 13
1
-313 (base 8) to base 11
-175
Convert -1 (base 3) to base 10.
-1
15 (base 7) to base 2
1100
What is 52 (base 12) in base 13?
4a
11000 (base 2) to base 9
26
Convert -4 (base 13) to base 4.
-10
What is 14 (base 16) in base 5?
40
Convert 9 (base 14) to base 9.
10
What is 80 (base 15) in base 4?
1320
What is -201 (base 13) in base 4?
-11103
What is 12 (base 10) in base 13?
c
What is 5d (base 15) in base 2?
1011000
-1100 (base 2) to base 8
-14
-29 (base 10) to base 11
-27
8 (base 13) to base 10
8
What is -4 (base 11) in base 6?
-4
-10 (base 4) to base 3
-11
Convert 9 (base 11) to base 5.
14
23 (base 6) to base 14
11
What is 111 (base 2) in base 4?
13
Convert -1 (base 12) to base 16.
-1
What is 9 (base 14) in base 7?
12
6 (base 16) to base 10
6
What is -c (base 14) in base 16?
-c
6 (base 12) to base 6
10
Convert 2 (base 11) to base 8.
2
-11 (base 2) to base 6
-3
What is -133 (base 6) in base 3?
-2010
Convert 0 (base 15) to base 11.
0
Convert 126 (base 8) to base 3.
10012
What is -6 (base 8) in base 16?
-6
Convert 0 (base 13) to base 2.
0
6 (base 16) to base 10
6
What is 8 (base 16) in base 4?
20
What is 1 (base 10) in base 9?
1
Convert -1 (base 16) to base 14.
-1
1a (base 12) to base 10
22
What is -c (base 13) in base 12?
-10
What is -3 (base 10) in base 2?
-11
What is -a (base 11) in base 6?
-14
Convert -3 (base 10) to base 15.
-3
What is -64 (base 13) in base 10?
-82
Convert 38 (base 14) to base 11.
46
Convert -52 (base 13) to base 14.
-4b
-1a1 (base 12) to base 8
-411
24 (base 14) to base 12
28
-11 (base 4) to base 14
-5
-181 (base 9) to base 8
-232
-10 (base 8) to base 5
-13
-9f (base 16) to base 15
-a9
2 (base 11) to base 5
2
Convert -4 (base 9) to base 11.
-4
Convert -514 (base 6) to base 15.
-ca
Convert -29 (base 15) to base 14.
-2b
What is 3 (base 8) in base 15?
3
What is 2 (base 9) in base 15?
2
-2 (base 12) to base 13
-2
1 (base 9) to base 8
1
What is 123 (base 4) in base 6?
43
What is 7 (base 14) in base 11?
7
What is 0 (base 11) in base 7?
0
What is -111 (base 5) in base 4?
-133
Convert 52 (base 6) to base 13.
26
Convert -54 (base 6) to base 12.
-2a
-3 (base 4) to base 7
-3
What is 10010101 (base 2) in base 6?
405
-1 (base 5) to base 4
-1
Convert -1 (base 6) to base 5.
-1
What is 4 (base 13) in base 8?
4
Convert -233 (base 7) to base 14.
-8a
-d5 (base 14) to base 5
-1222
29 (base 14) to base 12
31
What is -13 (base 7) in base 10?
-10
214 (base 5) to base 9
65
-1b (base 12) to base 11
-21
-1 (base 16) to base 12
-1
-102 (base 5) to base 8
-33
What is 189 (base 14) in base 15?
162
-1c (base 16) to base 7
-40
What is -16 (base 9) in base 14?
-11
26 (base 14) to base 9
37
What is -41 (base 13) in base 8?
-65
What is -1111101 (base 2) in base 12?
-a5
7 (base 14) to base 8
7
What is -100101 (base 3) in base 9?
-311
Convert 134 (base 5) to base 8.
54
Convert 0 (base 8) to base 9.
0
3 (base 12) to base 5
3
-241 (base 5) to base 14
-51
Convert 265 (base 7) to base 12.
101
What is 2 (base 12) in base 2?
10
Convert -42 (base 12) to base 13.
-3b
-110111 (base 2) to base 3
-2001
10 (base 10) to base 14
a
Convert -213 (base 5) to base 12.
-4a
Convert -252 (base 6) to base 2.
-1101000
Convert 2 (base 10) to base 6.
2
Convert 100000 (base 2) to base 9.
35
What is -106 (base 8) in base 2?
-1000110
Convert 0 (base 6) to base 3.
0
What is 0 (base 12) in base 13?
0
Convert d (base 14) to base 7.
16
-120 (base 8) to base 12
-68
87 (base 15) to base 8
177
-197 (base 12) to base 14
-147
Convert -44 (base 5) to base 12.
-20
What is 13 (base 7) in base 15?
a
What is 2d (base 16) in base 2?
101101
What is 0 (base 15) in base 11?
0
Convert 10010110 (base 2) to base 4.
2112
What is 29 (base 15) in base 8?
47
-1 (base 11) to base 8
-1
Convert 1a (base 12) to base 15.
17
Convert 1 (base 6) to base 11.
1
25 (base 11) to base 13
21
What is -5 (base 7) in base 9?
-5
What is -13 (base 16) in base 7?
-25
Convert -14 (base 5) to base 12.
-9
1 (base 10) to base 8
1
What is 11202 (base 4) in base 14?
1b4
What is -8 (base 12) in base 7?
-11
Convert 3 (base 15) to base 10.
3
Convert -30 (base 12) to base 6.
-100
What is 2 (base 15) in base 11?
2
What is -2 (base 7) in base 9?
-2
What is 2110 (base 3) in base 12?
56
What is 10120 (base 3) in base 8?
140
Convert -110 (base 4) to base 16.
-14
-3022 (base 4) to base 3
-21111
Convert 1252 (base 6) to base 8.
500
-c (base 15) to base 10
-12
-120 (base 9) to base 7
-201
20 (base 6) to base 11
11
What is 2 (base 11) in base 3?
2
Convert -37 (base 8) to base 12.
-27
-23 (base 6) to base 4
-33
-2 (base 4) to base 13
-2
What is 6a (base 16) in base 7?
211
-a (base 16) to base 12
-a
Convert 0 (base 5) to base 8.
0
Convert 0 (base 13) to base 15.
0
What is -47 (base 15) in base 4?
-1003
Convert 170 (base 16) to base 4.
11300
What is 66 (base 12) in base 6?
210
Convert 54 (base 8) to base 10.
44
What is 0 (base 9) in base 15?
0
Convert -11a (base 11) to base 8.
-216
Convert 1202 (base 3) to base 11.
43
What is -3 (base 9) in base 13?
-3
Convert 2 (base 14) to base 16.
2
What is -102 (base 3) in base 6?
-15
Convert 142 (base 5) to base 13.
38
24 (base 9) to base 13
19
What is 21 (base 3) in base 6?
11
Convert 2212 (base 3) to base 13.
5c
-101 (base 3) to base 7
-13
What is -21 (base 6) in base 7?
-16
Convert 37 (base 9) to base 5.
114
What is -2 (base 3) in base 7?
-2
Convert -21 (base 5) to base 14.
-b
What is 3 (base 14) in base 13?
3
-25 (base 8) to base 14
-17
Convert -313 (base 5) to base 2.
-1010011
What is -4 (base 12) in base 3?
-11
What is 2 (base 15) in base 9?
2
What is -10 (base 16) in base 12?
-14
22 (base 10) to base 6
34
What is 34 (base 6) in base 15?
17
Convert 10 (base 4) to base 3.
11
Convert -15 (base 6) to base 2.
-1011
What is -33 (base 5) in base 12?
-16
Convert -2 (base 7) to base 10.
-2
What is -1 (base 9) in base 10?
-1
-10 (base 7) to base 4
-13
What is -102 (base 4) in base 12?
-16
32 (base 14) to base 10
44
What is -a8 (base 11) in base 16?
-76
What is 11 (base 2) in base 15?
3
What is -2 (base 4) in base 2?
-10
Convert -1131 (base 4) to base 13.
-72
Convert 1111101 (base 2) to base 10.
125
8 (base 12) to base 13
8
Convert -3 (base 10) to base 8.
-3
What is 107 (base 8) in base 10?
71
Convert -11 (base 7) to base 2.
-1000
What is 4 (base 12) in base 7?
4
Convert -3 (base 9) to base 11.
-3
What is 0 (base 9) in base 10?
0
b (base 14) to base 13
b
Convert 4 (base 12) to base 16.
4
Convert -1010 (base 3) to base 6.
-50
100 (base 2) to base 16
4
What is -10 (base 16) in base 2?
-10000
Convert 2 (base 13) to base 11.
2
What is -1133 (base 5) in base 8?
-250
13 (base 14) to base 7
23
-8 (base 13) to base 16
-8
Convert -1 (base 9) to base 13.
-1
What is -2 (base 12) in base 2?
-10
-3 (base 12) to base 13
-3
Convert 453 (base 6) to base 12.
129
What is -6 (base